-78 - -77 - (-2 - -31)) + (1 - 3)?
-5
Calculate (-77 - -90) + -24 + -16.
-27
Evaluate 28 + -3 - 17 - (-1 - (3 - (-3 - 23))).
38
Calculate -20 + (257 - 165) + (-1 - 36).
35
What is the value of -32 + (-1 - (5 + 15 + -12) - 2)?
-43
What is the value of (-12 - -3) + (123 - (-4 - -26)) + -13 + 18?
97
(5 + 0 + -1 - -3) + (-502 - -486)
-9
What is the value of (-66 - -34) + (18 - 7)?
-21
What is -77 - -189 - (-45 - -54 - (-8 + -3))?
92
Calculate -5 + -6 + (3 - 10) + 6 + -39.
-51
What is (35 + 21 - 14) + -53?
-11
Calculate 2055 + -2101 - (0 - 23) - 2.
-25
What is the value of -15 + -11 - -53 - 34 - (-8 + 0)?
1
Calculate 16 + -12 - ((44 - (7 - 7)) + 5).
-45
-53 - (35 - (48 - -27))
-13
What is the value of (1 - -9 - 5) + -7 + -4?
-6
Evaluate (0 - (-14 + 47)) + 0.
-33
What is 11 - (48 - -10 - -13)?
-60
What is (-16 + -27 - -38 - 22) + 34?
7
What is the value of -50 - (-16 - -10) - (110 - 91)?
-63
Calculate (-22 + -10 - -9) + -9 + -9.
-41
Calculate 50 + -51 + 19 + (-2 - 21).
-5
What is -9 + (-13 - ((-6 - -22) + -27)) - -42?
31
What is the value of -26 + (27 + -47 - -6 - -29)?
-11
Calculate -63 + 95 - (6 - (-118 + 8)).
-84
What is (-18 - (-11 + -5 - 0)) + -27?
-29
1 - (35 + ((-12 - -3 - -8) + 4 - -5))
-42
What is 36 - (-19 + 88) - -31 - (-71 - (4 - 2))?
71
What is the value of -6 + (44 - (52 + -39))?
25
Calculate 30 + -75 + (47 - 42).
-40
Evaluate 1 - (6 + -94) - (4 + 11 + -5) - 8.
71
Calculate -4 + 8 + (-4 - -16) + 19 + -31 + -8.
-4
What is 12 + (-3 - 3) + (16 - (-1 - -20))?
3
What is the value of -55 + -1 + (61 - (3 + 25) - 45)?
-68
What is the value of 5 + -8 + (-13 - -10) - (-7 - -13 - 10)?
-2
What is (41 - (15 + 15)) + (-1 - 18) + 145 + -2?
135
What is -62 + -18 + 0 + (-10 - (16 + -9 + -28))?
-69
-60 - ((-95 - -43) + -65)
57
Calculate (-40 - -154) + -60 - 122.
-68
Calculate (66 - -18 - 37) + -96.
-49
Evaluate 109 - 100 - (-9 + 1 + -36).
53
(3 + -56 - 4 - -7) + (7 - 7) + 8
-42
Evaluate 556 + -593 - ((-14 - -5) + 23).
-51
Evaluate 3 + -5 + (41 - 24) + -44.
-29
What is 5 + 1 + (4 - -2 - (2448 - 2390))?
-46
(8 - (-71 + 162)) + 154
71
3 + (0 - (3 + 0 - 38)) + (-117 - -111)
32
What is -70 - (7 + -1 - ((0 - -16) + (-1 - 14)))?
-75
Calculate (-767 - -791 - (2 + 6)) + (14 - (1 + 1)).
28
What is the value of -28 - (-15 + -46 + 32)?
1
What is -41 + (42 - -3) + 41?
45
-50 + (2 - (-14 + -49))
15
-4 + ((-5 - -12) + -2 - -2) + 73 + -73
3
What is -40 - (-20 + 5 + (0 - -21))?
-46
What is the value of (50 - 42 - (10 + 2 + -4)) + -41?
-41
91 - (74 + 3 - 22)
36
Calculate 13 + (-44 - -41) + 13.
23
What is the value of (26 - -7) + -41 + 44 - 16?
20
What is (-20 - 23) + -17 + -14 + 12?
-62
-40 + (20 - (15 + (39 - 16)))
-58
Calculate -115 + -70 + (12 - -49).
-124
What is the value of (116 - (1 + 40)) + -29?
46
What is (8 - -31) + -91 - -9?
-43
What is -8 + 23 + -26 + (-1 - -14)?
2
Evaluate (147 - 111 - 10) + -85.
-59
Calculate -6 + (5 + 1 - (13 - 103)) + -104 + 96.
82
Calculate 16 - (6 - 6) - (-10 - -19).
7
(0 - 2) + (3 + -36 - -17) + 99
81
What is the value of 12 - ((-44 - -50) + 119) - (-11 + 4 + -1)?
-105
Calculate 2 + (-16 - (11 - 9 - 6) - 17).
-27
Evaluate -51 - (-28 - (53 - -6)).
36
(-8 - (-13 - -19)) + (34 - -12)
32
What is the value of (-67 + 60 + 58 - (-2 + 15)) + (0 - 0)?
38
What is the value of (29 - -73 - 82) + -48?
-28
Evaluate 1 - -118 - (-127 - (111 - 215) - (1 + -26)).
117
What is the value of -53 - (129 + -204) - (82 - 2)?
-58
Evaluate -1 - (-8 + 1) - (-16 + 138 + -132).
16
Calculate 34 + (3 - 6 - 27).
4
Calculate 1305 + -1238 + (1 - 78).
-10
Calculate 256 + -257 + (3 - 28) - -80.
54
-88 + -1 - (2 + -51 - (-779 + 733))
-86
Evaluate -21 + 52 + 24 + -5.
50
Evaluate 7 + 23 + 68 - 103.
-5
Evaluate -11 + ((7 - 7) + -7 + 18 - -91).
91
Evaluate (-376 - -465) + 2 + 3 + -30.
64
What is (0 + (-23 - -6) - (-67 - -63)) + 12?
-1
Evaluate (-45 - -27) + 36 - 94 - 0.
-76
What is -8 + (3 - (-15 + 23 - 59))?
46
What is the value of (-43 + 36 - -18) + (40 - 7)?
44
What is 15 - (-14 - ((2 - 11) + -12)) - 9 - 3?
-4
What is (-4 - 47) + 1 + 71?
21
What is the value of 9 + (-40 - (-29 + -27))?
25
Evaluate -7 - 6 - (-3 + (-25 - 2)) - 12.
5
Evaluate (1 - -18) + 0 - 51 - (1 - 2 - 9).
-22
What is the value of (-4 - (14 - 17 - -3)) + -49 + (4 - 7)?
-56
(6 - 18 - -2) + 2 + (-2 - 3)
-13
1 - -1 - 1 - ((330 - 297) + (0 - 98))
66
What is the value of 20 + -39 + 16 + 1 + 19?
17
92 - (82 + (-40 - -42))
8
Calculate -168 + -121 + (-122 - -311).
-100
Evaluate 3 - (-18 - (-41 - -47)).
27
Evaluate (14 - 11 - -9) + -31 + (3 - 6 - -2).
-20
What is the value of 13 - (6 + (149 - 29)) - -33?
-80
-871 + 918 + -1 + -15
31
Evaluate (62 - 4) + 8 + (-20 - -3) + 11.
60
Evaluate (-3 - 10) + (-11 - (-19 + 39 - 4)).
-40
What is 0 - (36 - (-57 - -40))?
-53
Calculate (-7 + 23 - 11) + (4 + 0 + -2 - 27).
-20
Calculate 3 + 22 + 20 + -29 + 31.
47
-14 - (65 + -70) - (4 + -90)
77
What is the value of (53 - 54) + 66 + -1?
64
-619 + 638 - (-9 + 0)
28
Calculate -82 - (-3 + 0 + -17 + (7 - 23) + 28).
-74
What is the value of (1017 - 1015) + (-2 + 1 - 20) + (7 - 2)?
-14
22 - 55 - -81 - 12
36
Evaluate 68 + (-110 - (-40 + 11)).
-13
-3 + -17 + 12 - (-119 + (-1 - -7 - 1))
106
What is -10 + -77 + -12 + 8 + 6 + -8 + 4?
-89
59 + -50 + 28 + (11 - 13)
35
Evaluate -23 - ((-4 - -4) + -79 + 65).
-9
Evaluate 686 - 733 - (-79 + 0) - -16.
48
Evaluate (-7 - 34) + 2 + (0 - (11 + -2)) + -5.
-53
Evaluate -47 + (86 + 11 - -29).
79
(4307 - 4409) + (16 - (1 + -3 + 3))
-87
What is 31 - (-66 + 18 + 85) - -98?
92
Evaluate -6 + -6 + 18 + -9 + -22.
-25
Calculate (-14 - -19) + (7 - 9) + -18.
-15
Calculate 19 + (-134 + -4 - (36 + -40 - 4)).
-111
(-11 - 1) + (-120 - (-2 + (-9 - -3)))
-124
What is (-21 - -4) + 46 - (0 + 1)?
28
Evaluate -29 - (123 + -184) - (0 - 12).
44
Calculate -10 + 0 + (6 + -4 + (-12 - -14) - 46).
-52
What is -43 - (-25 - 10) - (10 + 22)?
-40
Calculate 5 - (-5 - -31) - 18 - (5 - -6).
-50
What is the value of -31 + 76 - (-13 + (2 - -27))?
29
What is the value of -34 + -2 - -31 - ((-5 - -9) + -5 + -67)?
63
What is the value of 12 + 9 + -16 + 15 - (0 - 17)?
37
Calculate 2 + 52 + (331 - 344).
41
(-1 - 5 - (12 + -12)) + 62 - 0
56
What is the value of 55 + (23 - 39) - 92?
-53
Evaluate (11 - (20 + 15 - 16)) + (8 - -1).
1
Calculate (-80 - 1) + 40 + -113 + 51.
-103
Calculate (0 - 2) + 0 - (-534 - -535) - 33.
-36
What is the value of (-7 - 2 - (-37 + 29)) + (0 - 9) + -46?
-56
What is -26 + 24 + -1 + -3 + (-40 - (0 + -1))?
-45
What is the value of (-15 - (-12 - 29)) + 0 - -24?
50
Evaluate -7 - (-18 + (0 - -14)) - (-4 + -46 + -5).
52
Evaluate (-145 - -171) + (0 - (3 - 1)).
24
What is the value of 16 - 3 - (0 + 2) - (-44 - (7 - 41))?
21
Evaluate -39 - (-40 + -36 + 23).
14
Evaluate 38 - ((-22 - -21) + (-1 - -2 - -8) - 17).
47
Evaluate -7 - (-17 - (1 + (-16 - -29) + 11)).
35
Evaluate 3 + -7 - 114 - (8 - (-21 + 22 - -11)).
-114
1940 + -1949 + 0 + 22 + (2 - (5 - 0))
10
What is the value of 602 + -707 + (-2 - ((0 - 13) + 0)) + 1?
-93
What is the value of 1408 + -1476 - (-16 + -4)?
-48
What is (-2031 - -1933) + (49 - 1)?
-50
What is (6 + -17 + 2 - (-11 - -13)) + -8?
-19
Evaluate -67 - (-12 + 16 + (-1 - 1) + 12 - 15).
-66
What is -2952 - -3031 - (13 + 1)?
65
Evaluate -12 + (-7 - -3) + 13 - (-92 - (6 - 1)).
94
((-3 - 1) + 2 - ((-48 - -43) + 6)) + 14
11
Evaluate 21 + 31 + -33 + -4 + -5 - 14.
-4
What is 4 - 0 - (9 - ((-25 - -15) + -27))?
-42
Calculate 51 + 0 + (94 - 24) + -96.
25
What is the value of -53 - (-72 + 55 - 55)?
19
What is the value of -54 - ((79 - 11) + -56)?
-66
(0 - (6 + -18)) + -21 + (17 - (-4 - -5))
7
What is -88 - (92 + 40 + -124 - (10 + 1))?
-85
(165 - 243) + -50 - -101
-27
What is -3 - -1 - 49 - (3026 + -2986)?
-91
What is the value of 7 - 5 - (-31 + (-30 - -104))?
-41
What is (773 - 783) + (2 - 3 - -89) - -6 - -13?
97
Evaluate 2944 - 2963 - (-1 + -2 + -56).
40
What is 26 + ((12 - 30) + 29 - -27)?
64
What is the value of 7 - (-9 - 30) - 11?
35
What is -1741 - -2009 - (123 + -6)?
151
Evaluate -72 + 34 + 60 + (0 - -1).
23
What is the value of (-72 - (-21 + 1 + 33 + -21)) + 9?
-55
What is the value of -43 + 25 + (12 + -6 + -9 - -89)?
68
What is the value of -35 + 44 + -1 + 15 - (1 - 2)?
24
Evaluate -39 + 18 + 24 + 11 + -3 + 6.
17
What is the value of 95 - 81 - (82 + -2 - -5 - 8)?
-63
What is 65 + (-53 - (37 + -61))?
36
Evaluate -9 + 4 + -